3616
Convert -100101110 (base 2) to base 12.
-212
What is -40300 (base 6) in base 15?
-187c
-12122102 (base 3) to base 12
-246b
What is 593 (base 15) in base 8?
2357
Convert 12475 (base 9) to base 8.
20333
-1132322 (base 4) to base 10
-6074
What is -73 (base 9) in base 8?
-102
What is a4 (base 14) in base 9?
170
What is 1979 (base 10) in base 16?
7bb
Convert -11011111111010 (base 2) to base 14.
-5318
Convert -1110101001011 (base 2) to base 5.
-214444
21e (base 15) to base 8
737
Convert 22065 (base 9) to base 8.
34457
What is -19a71 (base 12) in base 16?
-93b5
Convert -21554 (base 9) to base 11.
-a825
34 (base 5) to base 11
18
Convert -33360 (base 12) to base 9.
-113120
Convert -101101110100100 (base 2) to base 3.
-1012011220
Convert 23223 (base 5) to base 3.
2022112
Convert -105 (base 13) to base 11.
-149
3265 (base 7) to base 8
2226
5bd (base 15) to base 3
1210021
-163 (base 13) to base 14
-13c
Convert -2363 (base 16) to base 14.
-3431
Convert 967 (base 11) to base 7.
3250
-b65 (base 16) to base 4
-231211
Convert -20113 (base 5) to base 11.
-a67
What is 9a (base 16) in base 13?
bb
-64 (base 8) to base 9
-57
Convert 5027 (base 10) to base 13.
2399
-4003 (base 5) to base 6
-2155
Convert -432a (base 16) to base 15.
-5164
What is 1cc (base 15) in base 10?
417
Convert -123413 (base 5) to base 16.
-12fa
1222 (base 8) to base 3
220101
What is -1011100100100001 (base 2) in base 5?
-3004033
What is -44124 (base 5) in base 2?
-101111011111
Convert -319 (base 12) to base 15.
-203
Convert -10011000101000 (base 2) to base 13.
-45a5
1407a (base 12) to base 7
143611
-45a7 (base 14) to base 16
-2f47
11dc5 (base 15) to base 10
57110
What is 6108 (base 10) in base 15?
1c23
What is -303121 (base 4) in base 10?
-3289
What is -45616 (base 7) in base 6?
-125454
Convert 421 (base 12) to base 6.
2441
What is 7308 (base 10) in base 6?
53500
What is 443 (base 5) in base 13?
96
What is -4041 (base 7) in base 12?
-989
10454 (base 6) to base 13
895
Convert -2161 (base 10) to base 5.
-32121
201030 (base 4) to base 13
c75
-37a (base 15) to base 16
-316
-dbe (base 16) to base 5
-103033
What is -40124 (base 5) in base 7?
-10255
What is 2221012 (base 3) in base 5?
32023
Convert -383 (base 13) to base 8.
-1146
-c4bc (base 14) to base 12
-17732
533 (base 15) to base 8
2225
Convert 66a3 (base 13) to base 14.
5317
Convert -115530 (base 7) to base 2.
-101001011000101
-a19 (base 15) to base 10
-2274
What is -9a66 (base 14) in base 6?
-323454
What is -33333 (base 8) in base 5?
-422133
-15b3 (base 15) to base 8
-11074
83 (base 13) to base 7
212
What is -16003 (base 7) in base 9?
-6107
What is 334434 (base 5) in base 7?
46414
Convert 2032 (base 10) to base 9.
2707
What is -11001011 (base 2) in base 15?
-d8
What is -1bb92 (base 12) in base 4?
-22013132
Convert 10c (base 16) to base 5.
2033
320420 (base 5) to base 12
6267
Convert -770 (base 11) to base 13.
-561
1130 (base 7) to base 15
1c8
c039 (base 14) to base 3
1200020110
What is 12242 (base 11) in base 5?
1030331
-b8 (base 16) to base 15
-c4
What is 1647 (base 9) in base 11?
a44
121010022 (base 3) to base 6
130225
-103402 (base 5) to base 10
-3602
What is 58141 (base 9) in base 16?
9763
What is -b547 (base 16) in base 15?
-db3c
-14466 (base 7) to base 9
-5453
-21021221 (base 3) to base 6
-40341
What is 447b (base 13) in base 3?
111010022
407 (base 10) to base 9
502
-14006 (base 11) to base 4
-10320003
-3383 (base 9) to base 11
-1978
Convert 2324 (base 5) to base 13.
201
What is -18aa (base 13) in base 2?
-111001101001
What is 845 (base 11) in base 15?
47c
What is 1110010011011 (base 2) in base 9?
11036
Convert -10001101011101101 (base 2) to base 15.
-166d9
Convert 665 (base 7) to base 12.
245
What is -96a (base 13) in base 3?
-2012121
-4e3 (base 15) to base 14
-597
1156 (base 7) to base 14
22d
Convert 47447 (base 9) to base 16.
7be2
-21201211 (base 3) to base 15
-1a0d
7933 (base 12) to base 15
3ea6
Convert 3518 (base 9) to base 4.
220301
What is -14aa3 (base 14) in base 6?
-1034223
Convert -210100020 (base 3) to base 7.
-63234
-20022 (base 5) to base 9
-1652
Convert -324441 (base 5) to base 11.
-84a4
Convert -26302 (base 7) to base 4.
-1231201
What is -10111010 (base 2) in base 5?
-1221
-32272 (base 11) to base 2
-1011011100111010
Convert 100010011011 (base 2) to base 4.
202123
103343 (base 7) to base 8
43136
Convert -396e (base 16) to base 11.
-10056
Convert 145045 (base 7) to base 14.
a395
What is -651 (base 9) in base 16?
-214
-14377 (base 9) to base 2
-10011000111110
Convert 1612 (base 7) to base 4.
22012
What is 26263 (base 7) in base 13?
3259
Convert 3214 (base 5) to base 10.
434
1382 (base 10) to base 8
2546
What is 1010001011100 (base 2) in base 3?
21011001
Convert 101102 (base 5) to base 13.
1651
What is -186 (base 11) in base 6?
-555
What is -2321 (base 12) in base 15?
-125d
-193 (base 14) to base 2
-101000101
Convert 24795 (base 11) to base 7.
205444
Convert -3052 (base 8) to base 4.
-120222
What is 66352 (base 7) in base 12?
9774
16016 (base 11) to base 4
11201310
-50 (base 8) to base 15
-2a
What is 505 (base 15) in base 14?
5aa
What is -c9 (base 14) in base 15?
-bc
-a8bb (base 15) to base 3
-1211000012
-4260 (base 10) to base 7
-15264
23204 (base 5) to base 2
11010001111
Convert -3828 (base 12) to base 11.
-486a
What is 21955 (base 12) in base 6?
542145
3225 (base 12) to base 10
5501
What is 10946 (base 10) in base 4?
2223002
Convert -1301200 (base 4) to base 2.
-1110001100000
-451 (base 7) to base 9
-277
Convert 284 (base 13) to base 11.
376
-122636 (base 7) to base 5
-1210431
What is -88448 (base 9) in base 14?
-17560
-3350 (base 13) to base 14
-2879
130351 (base 6) to base 12
69b7
What is -15046 (base 9) in base 13?
-4884
What is -7751 (base 10) in base 2?
-1111001000111
What is -513 (base 8) in base 13?
-1c6
What is -735 (base 16) in base 13?
-abc
What is -cfe (base 16) in base 7?
-12461
620a (base 11) to base 5
230423
What is -2121221201 (base 3) in base 2?
-1100101000001100
Convert -101101000 (base 2) to base 15.
-190
What is -1865 (base 11) in base 9?
-3223
Convert -1231 (base 11) to base 10.
-1607
What is -105121 (base 6) in base 12?
-51a1
What is -a05 (base 11) in base 2?
-10010111111
Convert 121002 (base 9) to base 6.
1321302
What is 141445 (base 6) in base 16?
3425
21201 (base 3) to base 8
320
What is -559d (base 15) in base 4?
-10123210
-22030332 (base 4) to base 15
-c5b0
What is -aa2a (base 16) in base 8?
-125052
What is 2bf (base 16) in base 13?
421
What is -6799 (base 12) in base 8?
-26345
Convert 47674 (base 10) to base 15.
e1d4
1341 (base 6) to base 12
251
1000001110 (base 2) to base 13
316
What is -331 (base 8) in base 5?
-1332
Convert 10022222120 (base 3) to base 15.
14683
What is 778 (base 11) in base 6?
4152
What is 250142 (base 7) in base 15?
d818
48b (base 15) to base 5
13111
748 (base 9) to base 3
211122
What is 2632 (base 12) in base 14?
1834
What is -4ad (base 14) in base 3?
-1021201
120220012 (base 3) to base 8
26504
3155 (base 11) to base 3
12201121
Convert -460 (base 13) to base 12.
-52a
What is -672 (base 11) in base 9?
-1084
1598 (base 10) to base 7
4442
-100011 (base 2) to base 10
-35
1a68 (base 13) to base 15
129d
What is -1c1 (base 14) in base 15?
-195
What is -11011001010 (base 2) in base 11?
-1340
-1100214 (base 5) to base 11
-1314a
112221 (base 3) to base 13
250
Convert -da03 (base 15) to base 12.
-22840
2b3 (base 15) to base 14
322
Convert -120340 (base 5) to base 2.
-1000101110110
Convert 1002 (base 8) to base 4.
20002
Convert 1124e (base 16) to base 3.
10120022211
What is -c036 (base 13) in base 16?
-6729
-24522 (base 11) to base 9
-53300
-515 (base 12) to base 2
-1011100001
59 (base 10) to base 14
43
Convert 1427 (base 9) to base 13.
64c
Convert 102112 (base 3) to base 15.
15b
What is -62 (base 10) in base 13?
-4a
What is -867 (base 9) in base 15?
-324
Convert -212011010 (base 3) to base 10.
-16878
What is -10013221 (base 5) in base 11?
-54548
What is -544a (base 14) in base 3?
-201222122
102200110 (base 3) to base 8
20505
Convert 72 (base 13) to base 2.
1011101
What is -406550 (base 7) in base 12?
-34312
What is -8e3 (base 15) in base 10?
-2013
Convert -125425 (base 6) to base 7.
-45563
-357 (base 9) to base 5
-2140
84e (base 15) to base 5
24444
-233 (base 15) to base 16
-1